{"id":9,"date":"2018-09-12T21:43:05","date_gmt":"2018-09-12T19:43:05","guid":{"rendered":"http:\/\/www.franzvitzthum.de\/?page_id=9"},"modified":"2019-10-01T11:46:35","modified_gmt":"2019-10-01T09:46:35","slug":"startseite","status":"publish","type":"page","link":"https:\/\/www.franzvitzthum.de\/","title":{"rendered":"STARTSEITE"},"content":{"rendered":"<p>[et_pb_section fb_built=&#8220;1&#8243; fullwidth=&#8220;on&#8220; _builder_version=&#8220;3.27.4&#8243; fb_built=&#8220;1&#8243; _i=&#8220;0&#8243; _address=&#8220;0&#8243;][\/et_pb_section][et_pb_section fb_built=&#8220;1&#8243; fullwidth=&#8220;on&#8220; _builder_version=&#8220;3.22.3&#8243; custom_padding=&#8220;0px|0px|59px|0px|false|false&#8220; fb_built=&#8220;1&#8243; _i=&#8220;1&#8243; _address=&#8220;1&#8243;][et_pb_fullwidth_image src=&#8220;https:\/\/www.franzvitzthum.de\/wp-content\/uploads\/2019\/09\/schneiderphotography_06_klein.jpg&#8220; _builder_version=&#8220;3.27.4&#8243; _i=&#8220;0&#8243; _address=&#8220;1.0&#8243;][\/et_pb_fullwidth_image][\/et_pb_section][et_pb_section fb_built=&#8220;1&#8243; _builder_version=&#8220;3.22.3&#8243; custom_padding=&#8220;0|0px|54px|0px|false|false&#8220; fb_built=&#8220;1&#8243; _i=&#8220;2&#8243; _address=&#8220;2&#8243;][et_pb_row column_structure=&#8220;1_2,1_2&#8243; _builder_version=&#8220;3.25&#8243; custom_padding=&#8220;0|0px|27px|0px|false|false&#8220; _i=&#8220;0&#8243; _address=&#8220;2.0&#8243;][et_pb_column type=&#8220;1_2&#8243; _builder_version=&#8220;3.25&#8243; custom_padding=&#8220;|||&#8220; _i=&#8220;0&#8243; _address=&#8220;2.0.0&#8243; custom_padding__hover=&#8220;|||&#8220;][et_pb_image src=&#8220;https:\/\/www.franzvitzthum.de\/wp-content\/uploads\/2018\/09\/01_Franz_165.jpg&#8220; align_tablet=&#8220;center&#8220; align_last_edited=&#8220;on|desktop&#8220; disabled_on=&#8220;on|on|off&#8220; _builder_version=&#8220;3.23&#8243; _i=&#8220;0&#8243; _address=&#8220;2.0.0.0&#8243;][\/et_pb_image][\/et_pb_column][et_pb_column type=&#8220;1_2&#8243; _builder_version=&#8220;3.25&#8243; custom_padding=&#8220;|||&#8220; _i=&#8220;1&#8243; _address=&#8220;2.0.1&#8243; custom_padding__hover=&#8220;|||&#8220;][et_pb_text _builder_version=&#8220;3.27.4&#8243; hover_enabled=&#8220;0&#8243; _i=&#8220;0&#8243; _address=&#8220;2.0.1.0&#8243;]<\/p>\n<p>Franz Vitzthum hat in den letzten Jahren mit gefeierten Konzerten und Solo-CDs Publikum und Fachpresse gleicherma\u00dfen begeistert.<\/p>\n<p>Sein weitgef\u00e4chertes Repertoire erstreckt sich von fr\u00fchen Werken der Renaissance \u00fcber die gro\u00dfen barocken Oratorien bis hin zu zeitgen\u00f6ssischen Werken, die eigens f\u00fcr ihn komponiert wurden.<\/p>\n<p><em>&#8222;Nur wenige Counterten\u00f6re verf\u00fcgen \u00fcber ein so geschmeidiges, angenehmes Timbre, eine so leichte H\u00f6he und eine so tiefe Musikalit\u00e4t.&#8220;<\/em> <span style=\"font-style: italic;\">NDR, Marcus St\u00e4bler<\/span><\/p>\n<p><em>&#8222;Franz Vitzhum gelingt es, diese Musik so facettenreich auszugestalten, dass einem wie von selbst die Geistes- und Empfindungswelt der Menschen im 17. Jahrhundert nahegebracht erscheint.&#8220;<\/em>\u00a0<span style=\"font-style: italic;\">WDR, Richard Lorber<\/span><\/p>\n<p><em>&#8222;Er pr\u00e4sentierte eine sehr klare, extrem bewegliche und pathosferne Stimme, die ohne Druck und scheinbar m\u00fchelos sich in strahlende H\u00f6hen aufschwingt&#8230;&#8220;<\/em> <span style=\"font-style: italic;\">Hamburger Abendblatt, Hans J\u00fcrgen Fink<\/span><\/p>\n<p>[\/et_pb_text][\/et_pb_column][\/et_pb_row][\/et_pb_section]<\/p>\n","protected":false},"excerpt":{"rendered":"<p>Franz Vitzthum hat in den letzten Jahren mit gefeierten Konzerten und Solo-CDs Publikum und Fachpresse gleicherma\u00dfen begeistert. Sein weitgef\u00e4chertes Repertoire erstreckt sich von fr\u00fchen Werken der Renaissance \u00fcber die gro\u00dfen barocken Oratorien bis hin zu zeitgen\u00f6ssischen Werken, die eigens f\u00fcr ihn komponiert wurden. &#8222;Nur wenige Counterten\u00f6re verf\u00fcgen \u00fcber ein so geschmeidiges, angenehmes Timbre, eine so [&hellip;]<\/p>\n","protected":false},"author":3,"featured_media":0,"parent":0,"menu_order":0,"comment_status":"closed","ping_status":"closed","template":"","meta":{"_acf_changed":false,"_et_pb_use_builder":"on","_et_pb_old_content":"","_et_gb_content_width":"","footnotes":""},"class_list":["post-9","page","type-page","status-publish","hentry"],"acf":[],"_links":{"self":[{"href":"https:\/\/www.franzvitzthum.de\/index.php?rest_route=\/wp\/v2\/pages\/9","targetHints":{"allow":["GET"]}}],"collection":[{"href":"https:\/\/www.franzvitzthum.de\/index.php?rest_route=\/wp\/v2\/pages"}],"about":[{"href":"https:\/\/www.franzvitzthum.de\/index.php?rest_route=\/wp\/v2\/types\/page"}],"author":[{"embeddable":true,"href":"https:\/\/www.franzvitzthum.de\/index.php?rest_route=\/wp\/v2\/users\/3"}],"replies":[{"embeddable":true,"href":"https:\/\/www.franzvitzthum.de\/index.php?rest_route=%2Fwp%2Fv2%2Fcomments&post=9"}],"version-history":[{"count":33,"href":"https:\/\/www.franzvitzthum.de\/index.php?rest_route=\/wp\/v2\/pages\/9\/revisions"}],"predecessor-version":[{"id":1671,"href":"https:\/\/www.franzvitzthum.de\/index.php?rest_route=\/wp\/v2\/pages\/9\/revisions\/1671"}],"wp:attachment":[{"href":"https:\/\/www.franzvitzthum.de\/index.php?rest_route=%2Fwp%2Fv2%2Fmedia&parent=9"}],"curies":[{"name":"wp","href":"https:\/\/api.w.org\/{rel}","templated":true}]}}